alculate the highest common factor of r and 126.
14
Let k(n) = -n**2 + 6*n - 2. Let v be k(3). Suppose -9*q + 60 = -v*q. What is the highest common divisor of q and 120?
30
Let t be ((-30)/4)/(9/(-12)). Suppose 0 = -25*j + 30*j - t. Suppose x = j*i - 9, -i - 4*x - 16 - 2 = 0. What is the greatest common factor of i and 2?
2
Let u(y) = -y**3 - 15*y**2 - 7*y + 44. Let c be u(-17). Calculate the greatest common factor of 26 and c.
13
Suppose -d = -2*c + 22, c + 3*d - 2*d = 5. Let f(r) = r**3 - 8*r**2 - 8*r + 9. Let o be f(c). What is the highest common factor of o and 90?
18
Suppose -679*l = -684*l + 40. Suppose -c = 5*z - 13, 4*c + 0*c = -z + 33. Suppose 3*f - c = f. What is the highest common factor of l and f?
4
Suppose -10*r + 286 = -8*r. Suppose 0 = 2*v + 2*v + 16. Let d(k) = -4*k - 3. Let o be d(v). What is the greatest common factor of r and o?
13
Suppose 177 = 3*a + a + 3*i, 4*i = 3*a - 114. Calculate the greatest common factor of a and 210.
42
Suppose m - 21 = -3*x, -2*m + 5*m = -4*x + 33. Suppose -2*c + x = -4. Suppose 40 = c*w - 15. What is the greatest common divisor of 121 and w?
11
Let q(c) = c**2 + 2*c - 4. Let p be q(5). Suppose -26*g = -p*g + 770. Calculate the highest common factor of 14 and g.
14
Suppose 0 = 70*v - 75*v - 385. Let q = v - -169. Calculate the highest common divisor of q and 23.
23
Suppose -28*t = -6*t - 1056. Calculate the greatest common factor of 32 and t.
16
Suppose -2*u + 4*i = -34, 2*u + i = -3*i + 58. Let j = -23 + u. Suppose -3*g - 10 + 43 = j. Calculate the greatest common divisor of g and 121.
11
Suppose -9 = 7*m - 37. Suppose m*y - 4 = -0. Suppose 21 = 5*s + y. What is the highest common factor of s and 2?
2
Suppose 0 = 4*i - 19*i + 1140. Calculate the highest common divisor of i and 8.
4
Let r be 2/4 + 2*(-710)/(-40). Calculate the greatest common divisor of 252 and r.
36
Let y(u) = u**2 + 11*u - 18. Let i be y(-12). Let l be i/5*(6 - (-28)/(-3)). Calculate the highest common divisor of 4 and l.
4
Let u(r) = 2*r + 9. Let v be u(7). Suppose 0 = -g + v. Let z = 44 - g. Calculate the highest common divisor of z and 7.
7
Let o = -206 + 360. Calculate the greatest common factor of o and 70.
14
Let i(o) = 3*o - 7. Let j be i(3). Let q be (198 - 9)/(2/j). What is the greatest common divisor of q and 21?
21
Let h = 18 - 5. Let f(o) = 17*o**2 - 2*o + 1. Let y be f(2). What is the highest common divisor of h and y?
13
Let a = 14 - 0. Let i(r) = 4*r**2 - r + 4. Let f be i(-6). Calculate the highest common factor of a and f.
14
Suppose 0 = x - 5*p + 66, -x - 3*p + 418 = -6*x. Let k be -5 + x/(-2) - 1. What is the highest common factor of 74 and k?
37
Suppose y + 5*z - 22 = 0, -5*y + z + z = -56. Let w = -392 + 401. What is the greatest common divisor of y and w?
3
Suppose 0 = v - 7*v + 210. Let w = 2 - 2. Suppose -2*s - s + 15 = w. Calculate the greatest common factor of s and v.
5
Let p = -15 + 26. Let b = p + 14. Let c(s) = 4*s**3 + s**2 + 2*s + 2. Let g be c(3). Calculate the greatest common factor of b and g.
25
Suppose 2*z - 30 = -0. Let t(g) = -g**3 - 25*g**2 + 28*g + 67. Let o be t(-26). Calculate the greatest common factor of o and z.
15
Suppose -5*p + 335 = 3*g - 588, 0 = 2*p - 2*g - 366. Calculate the greatest common factor of 1564 and p.
92
Let h be 3353/70 + 4/40. What is the greatest common divisor of h and 32?
16
Suppose 4*m + 805 = 161. Let h = m + 272. Let c = 161 - h. Calculate the highest common factor of 10 and c.
10
Let z be 6*(-5)/4*(-12)/10. Let j(f) = -9*f - 9. Let o(p) = -4*p - 5. Let v(k) = 5*j(k) - 9*o(k). Let n be v(-1). What is the highest common factor of z and n?
9
Let l(w) = -2*w**2 - 14*w. Let x be 2/6 - 38/6. Let k be l(x). Let j = -69 + 165. What is the highest common factor of k and j?
12
Let l(c) = -25*c**2 - 3 + 2*c - 3*c + 34*c**2. Let u be l(-3). Calculate the highest common factor of u and 9.
9
Suppose 3*q + 234 = 6*q. Suppose -q = -2*z - 0*z. What is the highest common factor of 13 and z?
13
Let n = 79 + -78. Calculate the highest common divisor of 14 and n.
1
Suppose -5*a + 282 + 418 = 0. Suppose 3*d = 26*d - 644. Calculate the highest common factor of a and d.
28
Let m = 95 + 105. Calculate the highest common factor of 10 and m.
10
Let b(t) = t**2 - 21*t + 126. Let z be b(11). What is the greatest common divisor of 552 and z?
8
Let c = -337 + 353. What is the greatest common divisor of 88 and c?
8
Let a(f) = -f**2 - 20*f + 11. Let v be (-4)/18 - (-2416)/(-144). Let p be a(v). What is the greatest common divisor of 31 and p?
31
Let z(x) = -x**2 + 7*x - 8. Let i be z(5). Suppose i*q - 4*q + 48 = 0. What is the highest common factor of q and 12?
12
Suppose 3 = -r, -2*m = -m - 4*r - 81. Let o = m + -5. Calculate the highest common divisor of o and 16.
16
Let a = 70 - -180. Suppose -6*d + a = -d. What is the greatest common divisor of d and 20?
10
Let m(r) be the third derivative of r**5/30 + 3*r**4/8 + 10*r**3/3 - 16*r**2. Let s be m(-7). Calculate the greatest common factor of 11 and s.
11
Let s(f) = f + 2. Let p be s(0). Suppose -d - d + 6 = -4*v, 4*d + p*v = 32. Suppose -80 = -2*x + 74. What is the highest common factor of d and x?
7
Let x = -300 + 570. What is the highest common divisor of 10 and x?
10
Suppose 3*x = 0, -31 = 4*z + 3*x - 91. Let i be (1 - (-623)/6) + 8/48. What is the highest common factor of z and i?
15
Let t = 2 - 17. Let x be 2/5 + (-1959)/t. Let w = x - 82. Calculate the highest common divisor of 7 and w.
7
Suppose -p = -5*p. Suppose p = 3*n - 2*n + 8. Let i = 12 + n. Calculate the highest common factor of i and 6.
2
Suppose -4*o + 93 = -123. Calculate the greatest common factor of 1026 and o.
54
Suppose 3*y = -4*h + 1751, -5*h - 5*y + 906 = -1284. Calculate the highest common factor of 23 and h.
23
Let h(u) = -2*u - 4 + 4*u - 4*u. Let r be h(-4). Suppose -r*v + 12 = -3*v. What is the highest common factor of 132 and v?
12
Suppose -4*d - 3*a + 31 = 0, -2*d + 34 = 3*d - a. What is the highest common divisor of 28 and d?
7
Suppose 2*l - 2*a = 300, -5*l - a + 1047 = 285. Suppose 4*k - 100 = -24. Calculate the highest common factor of l and k.
19
Let p be 96/(-7) - (-2)/(-7). Let l(n) = -n**3 + 10*n**2 - 18*n - 14. Let d be l(5). Let m = p + d. What is the greatest common factor of m and 49?
7
Suppose -3*m + 18 = 3*z, -2*z - 1 = -3*m - 3. What is the greatest common divisor of 38 and m?
2
Let g(d) = d**2 + 5*d + 19. Let b(j) = -j**3 + 6*j**2 - 2*j + 2. Let f be b(6). Let u be g(f). What is the highest common divisor of 46 and u?
23
Suppose 3*c + 4 = -c. Let j be ((-1038)/12)/(c/2). Suppose w - 4*w - 2*m = -j, 0 = -w + 5*m + 35. Calculate the highest common divisor of w and 5.
5
Let c(r) = 10*r**2 - 21*r - 10. Let l be c(4). What is the greatest common divisor of l and 242?
22
Let u(z) = z**3 + 4*z**2 - z + 4. Let l = -16 + 12. Let s be u(l). Calculate the greatest common factor of s and 20.
4
Let p be (372/7)/(24/112). Calculate the highest common divisor of p and 31.
31
Let l = -140 - -95. Let j = l + 71. What is the greatest common divisor of j and 52?
26
Let r = 21 + -21. Suppose r = -4*p + 989 + 55. Let t = 34 + -5. Calculate the greatest common factor of t and p.
29
Let x be (392/(-35))/14*-480. What is the greatest common factor of 3 and x?
3
Suppose 617 = 6*g + 113. What is the highest common divisor of 672 and g?
84
Let w(f) = 84*f**2 - f + 15. Let y be w(3). What is the greatest common divisor of y and 8?
8
Let y be 1/(-2)*(-12)/3. Let i(p) = 9 + 2*p**2 - 2*p**y + p**2. Let f be i(5). Calculate the greatest common factor of 51 and f.
17
Let y = -170 - -524. Calculate the greatest common factor of y and 236.
118
Let y = -310 + 313. Let a(p) = 22*p**3 - 1. Let r be a(1). Calculate the greatest common divisor of y and r.
3
Suppose -i - 158 = 4*c + i, -3*i = 3*c + 111. Let t be (-36)/42*1*c. Suppose 4*g - t = g. What is the greatest common divisor of 12 and g?
12
Suppose -5*b + 109 = 4*i, 5*b - 25*i + 26*i = 106. What is the greatest common divisor of b and 56?
7
Let z(x) = -x**3 + 3*x**2 + 15*x - 6. Let v be z(6). Let d be 60*(v/15 + 2). What is the highest common divisor of d and 3?
3
Let i = -6 + 10. Suppose -24 = -i*t - 4*d, -6*t + 7*t + 5*d - 10 = 0. Let b be (5 - 0) + (36 - -9). Calculate the highest common divisor of b and t.
5
Let f(l) =